{"id":59,"date":"2025-12-12T14:13:29","date_gmt":"2025-12-12T14:13:29","guid":{"rendered":"http:\/\/54vhavocats.com\/staging\/?page_id=59"},"modified":"2026-03-13T13:30:56","modified_gmt":"2026-03-13T13:30:56","slug":"droit-des-societes","status":"publish","type":"page","link":"https:\/\/54vhavocats.com\/staging\/droit-des-societes\/","title":{"rendered":"Droit des soci\u00e9t\u00e9s &#8211; Corporate"},"content":{"rendered":"<div class=\"oxy-container-59-100 oxy-container section header\"><img decoding=\"async\" class=\"oxy-image-59-101 oxy-image header-bg\" src=\"http:\/\/54vhavocats.com\/staging\/wp-content\/uploads\/2025\/12\/scott-webb-ApYVKHHTLqE-unsplash-scaled.jpg\" loading=\"lazy\" srcset=\"https:\/\/54vhavocats.com\/staging\/wp-content\/uploads\/2025\/12\/scott-webb-ApYVKHHTLqE-unsplash-scaled.jpg 2560w, https:\/\/54vhavocats.com\/staging\/wp-content\/uploads\/2025\/12\/scott-webb-ApYVKHHTLqE-unsplash-300x200.jpg 300w, https:\/\/54vhavocats.com\/staging\/wp-content\/uploads\/2025\/12\/scott-webb-ApYVKHHTLqE-unsplash-1024x683.jpg 1024w, https:\/\/54vhavocats.com\/staging\/wp-content\/uploads\/2025\/12\/scott-webb-ApYVKHHTLqE-unsplash-768x512.jpg 768w, https:\/\/54vhavocats.com\/staging\/wp-content\/uploads\/2025\/12\/scott-webb-ApYVKHHTLqE-unsplash-1536x1025.jpg 1536w, https:\/\/54vhavocats.com\/staging\/wp-content\/uploads\/2025\/12\/scott-webb-ApYVKHHTLqE-unsplash-2048x1366.jpg 2048w\" sizes=\"(max-width: 2560px) 100vw, 2560px\"><div class=\"oxy-container-59-102 oxy-container container\"><div class=\"oxy-container-59-103 oxy-container h1-wrapper\"><a class=\"oxy-container-link-59-106 oxy-container-link cta-light\" href=\"http:\/\/54vhavocats.com\/staging\/expertises\/\" target=\"_self\"><div class=\"oxy-svg-icon-59-108 oxy-svg-icon\">\n<svg xmlns=\"http:\/\/www.w3.org\/2000\/svg\" id=\"icon-arrow-left2\" viewBox=\"0 0 32 32\">\n<path d=\"M12.586 27.414l-10-10c-0.781-0.781-0.781-2.047 0-2.828l10-10c0.781-0.781 2.047-0.781 2.828 0s0.781 2.047 0 2.828l-6.586 6.586h19.172c1.105 0 2 0.895 2 2s-0.895 2-2 2h-19.172l6.586 6.586c0.39 0.39 0.586 0.902 0.586 1.414s-0.195 1.024-0.586 1.414c-0.781 0.781-2.047 0.781-2.828 0z\"\/>\n<\/svg>\n<\/div><div class=\"oxy-text-59-107 oxy-text\">\nRetour aux expertises\n<\/div><\/a><h1 class=\"oxy-text-59-104 oxy-text h2\">\nDroit des soci\u00e9t\u00e9s &#8211; Corporate\n<\/h1><\/div><\/div><\/div><div class=\"oxy-container-59-109 oxy-container section\"><div class=\"oxy-container-59-110 oxy-container container mb-md\"><div class=\"oxy-container-59-111 oxy-container h2-wrapper left\"><div class=\"oxy-text-59-112 oxy-text subheader\">\nnotre savoir faire\n<\/div><h2 class=\"oxy-text-59-113 oxy-text h2\">\nAccompagner chaque \u00e9tape de la vie de votre entreprise \n<\/h2><\/div><\/div><div class=\"oxy-container-59-114 oxy-container container mb-lg\"><div class=\"oxy-container-59-115 oxy-container flex-col\"><div class=\"oxy-container-59-134 oxy-container grow\"><div class=\"oxy-container-59-136 oxy-container\"><div class=\"oxy-rich-text-59-137 oxy-rich-text\">\n<p>Notre cabinet conseille les dirigeants de PME depuis la cr\u00e9ation jusqu\u2019\u00e0 la transmission de leur soci\u00e9t\u00e9. <br \/>Nous intervenons pour structurer, s\u00e9curiser et d\u00e9velopper vos projets entrepreneuriaux.<\/p>\n<p><strong>Notre objectif<\/strong> : offrir un accompagnement juridique durable et une vision strat\u00e9gique adapt\u00e9e aux r\u00e9alit\u00e9s des PME.<\/p>\n<\/div><\/div><\/div><div class=\"oxy-container-59-135 oxy-container button-wrapper shrink\"><a class=\"oxy-container-link-59-139 oxy-container-link button\" target=\"_self\"><div class=\"oxy-text-59-140 oxy-text button-text\">\nNous contacter\n<\/div><\/a><\/div><\/div><\/div><div class=\"oxy-container-59-141 oxy-container container mb-md\"><div class=\"oxy-container-59-142 oxy-container grid-2\"><div class=\"oxy-container-59-143 oxy-container main-text-wrapper\"><div class=\"oxy-container-59-144 oxy-container main-text\"><div class=\"oxy-html-code-59-145 oxy-html-code hor-line\">\n<svg width=\"6\" height=\"auto\" viewBox=\"0 0 6 auto\" fill=\"none\" xmlns=\"http:\/\/www.w3.org\/2000\/svg\">\n<line x1=\"3\" y1=\"1.31134e-07\" x2=\"2.99998\" y2=\"350\" stroke=\"#174249\" stroke-width=\"6\"\/>\n<\/svg>\n\n<\/div><div class=\"oxy-container-59-146 oxy-container text-wrapper\"><h3 class=\"oxy-text-59-147 oxy-text h3\">\nCr\u00e9ation d\u2019entreprise\n<\/h3><div class=\"oxy-text-59-148 oxy-text\">\nChoix et cr\u00e9ation de la structure juridique la plus adapt\u00e9e (SARL, SAS, holding, etc.)\n<\/div><\/div><\/div><div class=\"oxy-container-59-149 oxy-container main-text\"><div class=\"oxy-html-code-59-150 oxy-html-code hor-line\">\n<svg width=\"6\" height=\"auto\" viewBox=\"0 0 6 auto\" fill=\"none\" xmlns=\"http:\/\/www.w3.org\/2000\/svg\">\n<line x1=\"3\" y1=\"1.31134e-07\" x2=\"2.99998\" y2=\"350\" stroke=\"#174249\" stroke-width=\"6\"\/>\n<\/svg>\n\n<\/div><div class=\"oxy-container-59-151 oxy-container text-wrapper\"><h3 class=\"oxy-text-59-152 oxy-text h3\">\nPactes d\u2019associ\u00e9s\n<\/h3><div class=\"oxy-text-59-153 oxy-text\">\nR\u00e9daction et n\u00e9gociation de pactes d\u2019associ\u00e9s\n<\/div><\/div><\/div><div class=\"oxy-container-59-154 oxy-container main-text\"><div class=\"oxy-html-code-59-155 oxy-html-code hor-line\">\n<svg width=\"6\" height=\"auto\" viewBox=\"0 0 6 auto\" fill=\"none\" xmlns=\"http:\/\/www.w3.org\/2000\/svg\">\n<line x1=\"3\" y1=\"1.31134e-07\" x2=\"2.99998\" y2=\"350\" stroke=\"#174249\" stroke-width=\"6\"\/>\n<\/svg>\n\n<\/div><div class=\"oxy-container-59-156 oxy-container text-wrapper\"><h3 class=\"oxy-text-59-157 oxy-text h3\">\nRestructurations\n<\/h3><div class=\"oxy-text-59-158 oxy-text\">\nFusion, scission, apport partiel d'actifs,  r\u00e9organisation du capital, rapprochement d\u2019entreprises\n<\/div><\/div><\/div><\/div><div class=\"oxy-container-59-161 oxy-container main-text-wrapper\"><div class=\"oxy-container-59-162 oxy-container main-text\"><div class=\"oxy-html-code-59-163 oxy-html-code hor-line\">\n<svg width=\"6\" height=\"auto\" viewBox=\"0 0 6 auto\" fill=\"none\" xmlns=\"http:\/\/www.w3.org\/2000\/svg\">\n<line x1=\"3\" y1=\"1.31134e-07\" x2=\"2.99998\" y2=\"350\" stroke=\"#174249\" stroke-width=\"6\"\/>\n<\/svg>\n\n<\/div><div class=\"oxy-container-59-164 oxy-container text-wrapper\"><h3 class=\"oxy-text-59-165 oxy-text h3\">\nCession d'entreprise\n<\/h3><div class=\"oxy-text-59-166 oxy-text\">\nAccompagnement dans la n\u00e9gociation et la r\u00e9daction des actes li\u00e9s : contrat de cession, garantie d'actif et de passif\n<\/div><\/div><\/div><div class=\"oxy-container-59-167 oxy-container main-text\"><div class=\"oxy-html-code-59-168 oxy-html-code hor-line\">\n<svg width=\"6\" height=\"auto\" viewBox=\"0 0 6 auto\" fill=\"none\" xmlns=\"http:\/\/www.w3.org\/2000\/svg\">\n<line x1=\"3\" y1=\"1.31134e-07\" x2=\"2.99998\" y2=\"350\" stroke=\"#174249\" stroke-width=\"6\"\/>\n<\/svg>\n\n<\/div><div class=\"oxy-container-59-169 oxy-container text-wrapper\"><h3 class=\"oxy-text-59-170 oxy-text h3\">\nD\u00e9veloppement et financement\n<\/h3><div class=\"oxy-text-59-171 oxy-text\">\nAugmentation de capital, \u00e9mission d\u2019obligations, d'actions de pr\u00e9f\u00e9rence, actions gratuite<br>Acquisition ou cession de fonds de commerce, droit au bail\n<\/div><\/div><\/div><div class=\"oxy-container-59-172 oxy-container main-text\"><div class=\"oxy-html-code-59-173 oxy-html-code hor-line\">\n<svg width=\"6\" height=\"auto\" viewBox=\"0 0 6 auto\" fill=\"none\" xmlns=\"http:\/\/www.w3.org\/2000\/svg\">\n<line x1=\"3\" y1=\"1.31134e-07\" x2=\"2.99998\" y2=\"350\" stroke=\"#174249\" stroke-width=\"6\"\/>\n<\/svg>\n\n<\/div><div class=\"oxy-container-59-174 oxy-container text-wrapper\"><h3 class=\"oxy-text-59-175 oxy-text h3\">\nDissolution et liquidation \n<\/h3><div class=\"oxy-text-59-176 oxy-text\">\n\n<\/div><\/div><\/div><\/div><\/div><\/div><div class=\"oxy-container-59-177 oxy-container container\"><div class=\"oxy-container-59-188 oxy-container int-link\"><h2 class=\"oxy-text-59-187 oxy-text h2 text-center\">\nD\u00e9couvrez nos autres services\n<\/h2><div class=\"oxy-container-59-178 oxy-container flex-col small\"><a class=\"oxy-container-link-59-193 oxy-container-link link-card\" target=\"_self\"><img decoding=\"async\" class=\"oxy-image-59-189 oxy-image card-img\" src=\"http:\/\/54vhavocats.com\/staging\/wp-content\/uploads\/2025\/12\/pawel-czerwinski-FTkp4sD5Gpo-unsplash-scaled.jpg\" loading=\"lazy\" srcset=\"http:\/\/54vhavocats.com\/staging\/wp-content\/uploads\/2025\/12\/pawel-czerwinski-FTkp4sD5Gpo-unsplash-scaled.jpg 2560w, http:\/\/54vhavocats.com\/staging\/wp-content\/uploads\/2025\/12\/pawel-czerwinski-FTkp4sD5Gpo-unsplash-300x200.jpg 300w, http:\/\/54vhavocats.com\/staging\/wp-content\/uploads\/2025\/12\/pawel-czerwinski-FTkp4sD5Gpo-unsplash-1024x683.jpg 1024w, http:\/\/54vhavocats.com\/staging\/wp-content\/uploads\/2025\/12\/pawel-czerwinski-FTkp4sD5Gpo-unsplash-768x512.jpg 768w, http:\/\/54vhavocats.com\/staging\/wp-content\/uploads\/2025\/12\/pawel-czerwinski-FTkp4sD5Gpo-unsplash-1536x1024.jpg 1536w, http:\/\/54vhavocats.com\/staging\/wp-content\/uploads\/2025\/12\/pawel-czerwinski-FTkp4sD5Gpo-unsplash-2048x1365.jpg 2048w\" sizes=\"(max-width: 2560px) 100vw, 2560px\"><div class=\"oxy-container-59-192 oxy-container card-content\"><div class=\"oxy-text-59-190 oxy-text card-title\">\nFiscalit\u00e9\n<\/div><div class=\"oxy-text-59-191 oxy-text card-descr\">\nUne approche strat\u00e9gique et pragmatique de la fiscalit\u00e9\n<\/div><\/div><\/a><a class=\"oxy-container-link-59-194 oxy-container-link link-card\" target=\"_self\"><img decoding=\"async\" class=\"oxy-image-59-195 oxy-image card-img\" src=\"http:\/\/54vhavocats.com\/staging\/wp-content\/uploads\/2025\/12\/pawel-czerwinski-FTkp4sD5Gpo-unsplash-scaled.jpg\" loading=\"lazy\" srcset=\"http:\/\/54vhavocats.com\/staging\/wp-content\/uploads\/2025\/12\/pawel-czerwinski-FTkp4sD5Gpo-unsplash-scaled.jpg 2560w, http:\/\/54vhavocats.com\/staging\/wp-content\/uploads\/2025\/12\/pawel-czerwinski-FTkp4sD5Gpo-unsplash-300x200.jpg 300w, http:\/\/54vhavocats.com\/staging\/wp-content\/uploads\/2025\/12\/pawel-czerwinski-FTkp4sD5Gpo-unsplash-1024x683.jpg 1024w, http:\/\/54vhavocats.com\/staging\/wp-content\/uploads\/2025\/12\/pawel-czerwinski-FTkp4sD5Gpo-unsplash-768x512.jpg 768w, http:\/\/54vhavocats.com\/staging\/wp-content\/uploads\/2025\/12\/pawel-czerwinski-FTkp4sD5Gpo-unsplash-1536x1024.jpg 1536w, http:\/\/54vhavocats.com\/staging\/wp-content\/uploads\/2025\/12\/pawel-czerwinski-FTkp4sD5Gpo-unsplash-2048x1365.jpg 2048w\" sizes=\"(max-width: 2560px) 100vw, 2560px\"><div class=\"oxy-container-59-196 oxy-container card-content\"><div class=\"oxy-text-59-197 oxy-text card-title\">\nFiscalit\u00e9\n<\/div><div class=\"oxy-text-59-198 oxy-text card-descr\">\nUne approche strat\u00e9gique et pragmatique de la fiscalit\u00e9\n<\/div><\/div><\/a><\/div><\/div><\/div><\/div>","protected":false},"excerpt":{"rendered":"<p>Retour aux expertises Droit des soci\u00e9t\u00e9s &#8211; Corporate notre savoir faire Accompagner chaque \u00e9tape de la vie de votre entreprise Notre cabinet conseille les dirigeants de PME depuis la cr\u00e9ation jusqu\u2019\u00e0 la transmission de leur soci\u00e9t\u00e9. Nous intervenons pour structurer, s\u00e9curiser et d\u00e9velopper vos projets entrepreneuriaux. Notre objectif : offrir un accompagnement juridique durable et [&hellip;]<\/p>\n","protected":false},"author":1,"featured_media":0,"parent":0,"menu_order":0,"comment_status":"closed","ping_status":"closed","template":"","meta":{"_acf_changed":false,"_oxygen_hide_in_design_set":false,"_oxygen_tags":"","footnotes":""},"class_list":["post-59","page","type-page","status-publish","hentry"],"acf":[],"_links":{"self":[{"href":"https:\/\/54vhavocats.com\/staging\/wp-json\/wp\/v2\/pages\/59","targetHints":{"allow":["GET"]}}],"collection":[{"href":"https:\/\/54vhavocats.com\/staging\/wp-json\/wp\/v2\/pages"}],"about":[{"href":"https:\/\/54vhavocats.com\/staging\/wp-json\/wp\/v2\/types\/page"}],"author":[{"embeddable":true,"href":"https:\/\/54vhavocats.com\/staging\/wp-json\/wp\/v2\/users\/1"}],"replies":[{"embeddable":true,"href":"https:\/\/54vhavocats.com\/staging\/wp-json\/wp\/v2\/comments?post=59"}],"version-history":[{"count":25,"href":"https:\/\/54vhavocats.com\/staging\/wp-json\/wp\/v2\/pages\/59\/revisions"}],"predecessor-version":[{"id":204,"href":"https:\/\/54vhavocats.com\/staging\/wp-json\/wp\/v2\/pages\/59\/revisions\/204"}],"wp:attachment":[{"href":"https:\/\/54vhavocats.com\/staging\/wp-json\/wp\/v2\/media?parent=59"}],"curies":[{"name":"wp","href":"https:\/\/api.w.org\/{rel}","templated":true}]}}