{"id":136,"date":"2025-12-30T13:46:13","date_gmt":"2025-12-30T13:46:13","guid":{"rendered":"http:\/\/54vhavocats.com\/staging\/?page_id=136"},"modified":"2026-03-13T13:30:44","modified_gmt":"2026-03-13T13:30:44","slug":"societes-civiles-patrimoniales","status":"publish","type":"page","link":"http:\/\/54vhavocats.com\/staging\/societes-civiles-patrimoniales\/","title":{"rendered":"Soci\u00e9t\u00e9s civiles patrimoniales"},"content":{"rendered":"<div class=\"oxy-container-136-100 oxy-container section header\"><img decoding=\"async\" class=\"oxy-image-136-101 oxy-image header-bg\" src=\"http:\/\/54vhavocats.com\/staging\/wp-content\/uploads\/2025\/12\/pawel-czerwinski-OG-fruQOi3g-unsplash-scaled.jpg\" loading=\"lazy\" srcset=\"https:\/\/54vhavocats.com\/staging\/wp-content\/uploads\/2025\/12\/pawel-czerwinski-OG-fruQOi3g-unsplash-scaled.jpg 2560w, https:\/\/54vhavocats.com\/staging\/wp-content\/uploads\/2025\/12\/pawel-czerwinski-OG-fruQOi3g-unsplash-300x200.jpg 300w, https:\/\/54vhavocats.com\/staging\/wp-content\/uploads\/2025\/12\/pawel-czerwinski-OG-fruQOi3g-unsplash-1024x683.jpg 1024w, https:\/\/54vhavocats.com\/staging\/wp-content\/uploads\/2025\/12\/pawel-czerwinski-OG-fruQOi3g-unsplash-768x512.jpg 768w, https:\/\/54vhavocats.com\/staging\/wp-content\/uploads\/2025\/12\/pawel-czerwinski-OG-fruQOi3g-unsplash-1536x1024.jpg 1536w, https:\/\/54vhavocats.com\/staging\/wp-content\/uploads\/2025\/12\/pawel-czerwinski-OG-fruQOi3g-unsplash-2048x1365.jpg 2048w\" sizes=\"(max-width: 2560px) 100vw, 2560px\"><div class=\"oxy-container-136-102 oxy-container container\"><div class=\"oxy-container-136-103 oxy-container h1-wrapper\"><a class=\"oxy-container-link-136-104 oxy-container-link cta-light\" href=\"http:\/\/54vhavocats.com\/staging\/expertises\/\" target=\"_self\"><div class=\"oxy-svg-icon-136-105 oxy-svg-icon\">\n<svg xmlns=\"http:\/\/www.w3.org\/2000\/svg\" id=\"icon-arrow-left2\" viewBox=\"0 0 32 32\">\n<path d=\"M12.586 27.414l-10-10c-0.781-0.781-0.781-2.047 0-2.828l10-10c0.781-0.781 2.047-0.781 2.828 0s0.781 2.047 0 2.828l-6.586 6.586h19.172c1.105 0 2 0.895 2 2s-0.895 2-2 2h-19.172l6.586 6.586c0.39 0.39 0.586 0.902 0.586 1.414s-0.195 1.024-0.586 1.414c-0.781 0.781-2.047 0.781-2.828 0z\"\/>\n<\/svg>\n<\/div><div class=\"oxy-text-136-106 oxy-text\">\nRetour aux expertises\n<\/div><\/a><h1 class=\"oxy-text-136-107 oxy-text h2\">\nSoci\u00e9t\u00e9s civiles patrimoniales\n<\/h1><\/div><\/div><\/div><div class=\"oxy-container-136-108 oxy-container section\"><div class=\"oxy-container-136-109 oxy-container container mb-md\"><div class=\"oxy-container-136-110 oxy-container h2-wrapper left\"><div class=\"oxy-text-136-111 oxy-text subheader\">\nnotre savoir faire\n<\/div><h2 class=\"oxy-text-136-112 oxy-text h2\">\nStructurer et transmettre votre patrimoine\n<\/h2><\/div><\/div><div class=\"oxy-container-136-113 oxy-container container mb-lg\"><div class=\"oxy-container-136-114 oxy-container flex-col\"><div class=\"oxy-container-136-115 oxy-container grow\"><div class=\"oxy-container-136-116 oxy-container\"><div class=\"oxy-rich-text-136-117 oxy-rich-text\">\n<p><span style=\"font-weight: 400;\">Nous accompagnons les dirigeants et leurs familles ou leurs associ\u00e9s dans la <\/span><b>cr\u00e9ation et la gestion de soci\u00e9t\u00e9s civiles<\/b><span style=\"font-weight: 400;\"> (SCI, SCP, etc.), l'adaptation des statuts \u00e0 leur objectif de gestion et de transmission. Nous adaptons les clauses statutaires \u00e0 vos souhaits et vos besoins pour le contr\u00f4le de la transmission des titres et le partage du pouvoir. Nous vous accompagnons dans vos projets de d\u00e9membrement de titres.<\/span><\/p>\n<p><span style=\"font-weight: 400;\">Nous travaillons r\u00e9guli\u00e8rement en partenariat avec des notaires pour vous accompagner dans vos projets de transmission et adapter les statuts de vos soci\u00e9t\u00e9s \u00e0 cette situation.<\/span><\/p>\n<p><span style=\"font-weight: 400;\">\u27a1\ufe0f<\/span><span style=\"font-weight: 400;\"> Notre approche conjugue <\/span><b>efficacit\u00e9 juridique<\/b><span style=\"font-weight: 400;\">, <\/span><b>choix des solutions les plus appropri\u00e9es fiscalement <\/b><span style=\"font-weight: 400;\">et <\/span><b>anticipation des transmissions familiales<\/b><span style=\"font-weight: 400;\">.<\/span><\/p>\n<\/div><\/div><\/div><div class=\"oxy-container-136-118 oxy-container button-wrapper shrink\"><a class=\"oxy-container-link-136-119 oxy-container-link button\" target=\"_self\"><div class=\"oxy-text-136-120 oxy-text button-text\">\nNous contacter\n<\/div><\/a><\/div><\/div><\/div><div class=\"oxy-container-136-121 oxy-container container mb-md\"><div class=\"oxy-container-136-122 oxy-container grid-2\"><div class=\"oxy-container-136-123 oxy-container main-text-wrapper\"><div class=\"oxy-container-136-124 oxy-container main-text\"><div class=\"oxy-html-code-136-125 oxy-html-code hor-line\">\n<svg width=\"6\" height=\"auto\" viewBox=\"0 0 6 auto\" fill=\"none\" xmlns=\"http:\/\/www.w3.org\/2000\/svg\">\n<line x1=\"3\" y1=\"1.31134e-07\" x2=\"2.99998\" y2=\"350\" stroke=\"#174249\" stroke-width=\"6\"\/>\n<\/svg>\n\n<\/div><div class=\"oxy-container-136-126 oxy-container text-wrapper\"><h3 class=\"oxy-text-136-127 oxy-text h3\">\nLorem Ipsum\n<\/h3><div class=\"oxy-text-136-128 oxy-text\">\nLorem ipsum dolor sit amet, consectetur adipiscing elit, sed do eiusmod tempor incididunt ut labore et dolore magna aliqua\n<\/div><\/div><\/div><div class=\"oxy-container-136-129 oxy-container main-text\"><div class=\"oxy-html-code-136-130 oxy-html-code hor-line\">\n<svg width=\"6\" height=\"auto\" viewBox=\"0 0 6 auto\" fill=\"none\" xmlns=\"http:\/\/www.w3.org\/2000\/svg\">\n<line x1=\"3\" y1=\"1.31134e-07\" x2=\"2.99998\" y2=\"350\" stroke=\"#174249\" stroke-width=\"6\"\/>\n<\/svg>\n\n<\/div><div class=\"oxy-container-136-131 oxy-container text-wrapper\"><h3 class=\"oxy-text-136-132 oxy-text h3\">\nLorem Ipsum\n<\/h3><div class=\"oxy-text-136-133 oxy-text\">\nLorem ipsum dolor sit amet, consectetur adipiscing elit, sed do eiusmod tempor incididunt ut labore et dolore magna aliqua\n<\/div><\/div><\/div><div class=\"oxy-container-136-134 oxy-container main-text\"><div class=\"oxy-html-code-136-135 oxy-html-code hor-line\">\n<svg width=\"6\" height=\"auto\" viewBox=\"0 0 6 auto\" fill=\"none\" xmlns=\"http:\/\/www.w3.org\/2000\/svg\">\n<line x1=\"3\" y1=\"1.31134e-07\" x2=\"2.99998\" y2=\"350\" stroke=\"#174249\" stroke-width=\"6\"\/>\n<\/svg>\n\n<\/div><div class=\"oxy-container-136-136 oxy-container text-wrapper\"><h3 class=\"oxy-text-136-137 oxy-text h3\">\nLorem Ipsum\n<\/h3><div class=\"oxy-text-136-138 oxy-text\">\nLorem ipsum dolor sit amet, consectetur adipiscing elit, sed do eiusmod tempor incididunt ut labore et dolore magna aliqua\n<\/div><\/div><\/div><\/div><div class=\"oxy-container-136-139 oxy-container main-text-wrapper\"><div class=\"oxy-container-136-140 oxy-container main-text\"><div class=\"oxy-html-code-136-141 oxy-html-code hor-line\">\n<svg width=\"6\" height=\"auto\" viewBox=\"0 0 6 auto\" fill=\"none\" xmlns=\"http:\/\/www.w3.org\/2000\/svg\">\n<line x1=\"3\" y1=\"1.31134e-07\" x2=\"2.99998\" y2=\"350\" stroke=\"#174249\" stroke-width=\"6\"\/>\n<\/svg>\n\n<\/div><div class=\"oxy-container-136-142 oxy-container text-wrapper\"><h3 class=\"oxy-text-136-143 oxy-text h3\">\nLorem Ipsum\n<\/h3><div class=\"oxy-text-136-144 oxy-text\">\nLorem ipsum dolor sit amet, consectetur adipiscing elit, sed do eiusmod tempor incididunt ut labore et dolore magna aliqua\n<\/div><\/div><\/div><div class=\"oxy-container-136-145 oxy-container main-text\"><div class=\"oxy-html-code-136-146 oxy-html-code hor-line\">\n<svg width=\"6\" height=\"auto\" viewBox=\"0 0 6 auto\" fill=\"none\" xmlns=\"http:\/\/www.w3.org\/2000\/svg\">\n<line x1=\"3\" y1=\"1.31134e-07\" x2=\"2.99998\" y2=\"350\" stroke=\"#174249\" stroke-width=\"6\"\/>\n<\/svg>\n\n<\/div><div class=\"oxy-container-136-147 oxy-container text-wrapper\"><h3 class=\"oxy-text-136-148 oxy-text h3\">\nLorem Ipsum\n<\/h3><div class=\"oxy-text-136-149 oxy-text\">\nLorem ipsum dolor sit amet, consectetur adipiscing elit, sed do eiusmod tempor incididunt ut labore et dolore magna aliqua\n<\/div><\/div><\/div><div class=\"oxy-container-136-150 oxy-container main-text\"><div class=\"oxy-html-code-136-151 oxy-html-code hor-line\">\n<svg width=\"6\" height=\"auto\" viewBox=\"0 0 6 auto\" fill=\"none\" xmlns=\"http:\/\/www.w3.org\/2000\/svg\">\n<line x1=\"3\" y1=\"1.31134e-07\" x2=\"2.99998\" y2=\"350\" stroke=\"#174249\" stroke-width=\"6\"\/>\n<\/svg>\n\n<\/div><div class=\"oxy-container-136-152 oxy-container text-wrapper\"><h3 class=\"oxy-text-136-153 oxy-text h3\">\nLorem Ipsum\n<\/h3><div class=\"oxy-text-136-154 oxy-text\">\nLorem ipsum dolor sit amet, consectetur adipiscing elit, sed do eiusmod tempor incididunt ut labore et dolore magna aliqua\n<\/div><\/div><\/div><\/div><\/div><\/div><div class=\"oxy-container-136-155 oxy-container container\"><div class=\"oxy-container-136-156 oxy-container int-link hidden\"><h2 class=\"oxy-text-136-157 oxy-text h2 text-center\">\nD\u00e9couvrez nos autres services\n<\/h2><div class=\"oxy-container-136-158 oxy-container flex-col small\"><a class=\"oxy-container-link-136-159 oxy-container-link link-card\" target=\"_self\"><img decoding=\"async\" class=\"oxy-image-136-160 oxy-image card-img\" src=\"http:\/\/54vhavocats.com\/staging\/wp-content\/uploads\/2025\/12\/pawel-czerwinski-FTkp4sD5Gpo-unsplash-scaled.jpg\" loading=\"lazy\" srcset=\"http:\/\/54vhavocats.com\/staging\/wp-content\/uploads\/2025\/12\/pawel-czerwinski-FTkp4sD5Gpo-unsplash-scaled.jpg 2560w, http:\/\/54vhavocats.com\/staging\/wp-content\/uploads\/2025\/12\/pawel-czerwinski-FTkp4sD5Gpo-unsplash-300x200.jpg 300w, http:\/\/54vhavocats.com\/staging\/wp-content\/uploads\/2025\/12\/pawel-czerwinski-FTkp4sD5Gpo-unsplash-1024x683.jpg 1024w, http:\/\/54vhavocats.com\/staging\/wp-content\/uploads\/2025\/12\/pawel-czerwinski-FTkp4sD5Gpo-unsplash-768x512.jpg 768w, http:\/\/54vhavocats.com\/staging\/wp-content\/uploads\/2025\/12\/pawel-czerwinski-FTkp4sD5Gpo-unsplash-1536x1024.jpg 1536w, http:\/\/54vhavocats.com\/staging\/wp-content\/uploads\/2025\/12\/pawel-czerwinski-FTkp4sD5Gpo-unsplash-2048x1365.jpg 2048w\" sizes=\"(max-width: 2560px) 100vw, 2560px\"><div class=\"oxy-container-136-161 oxy-container card-content\"><div class=\"oxy-text-136-162 oxy-text card-title\">\nFiscalit\u00e9\n<\/div><div class=\"oxy-text-136-163 oxy-text card-descr\">\nUne approche strat\u00e9gique et pragmatique de la fiscalit\u00e9\n<\/div><\/div><\/a><a class=\"oxy-container-link-136-164 oxy-container-link link-card\" target=\"_self\"><img decoding=\"async\" class=\"oxy-image-136-165 oxy-image card-img\" src=\"http:\/\/54vhavocats.com\/staging\/wp-content\/uploads\/2025\/12\/pawel-czerwinski-FTkp4sD5Gpo-unsplash-scaled.jpg\" loading=\"lazy\" srcset=\"http:\/\/54vhavocats.com\/staging\/wp-content\/uploads\/2025\/12\/pawel-czerwinski-FTkp4sD5Gpo-unsplash-scaled.jpg 2560w, http:\/\/54vhavocats.com\/staging\/wp-content\/uploads\/2025\/12\/pawel-czerwinski-FTkp4sD5Gpo-unsplash-300x200.jpg 300w, http:\/\/54vhavocats.com\/staging\/wp-content\/uploads\/2025\/12\/pawel-czerwinski-FTkp4sD5Gpo-unsplash-1024x683.jpg 1024w, http:\/\/54vhavocats.com\/staging\/wp-content\/uploads\/2025\/12\/pawel-czerwinski-FTkp4sD5Gpo-unsplash-768x512.jpg 768w, http:\/\/54vhavocats.com\/staging\/wp-content\/uploads\/2025\/12\/pawel-czerwinski-FTkp4sD5Gpo-unsplash-1536x1024.jpg 1536w, http:\/\/54vhavocats.com\/staging\/wp-content\/uploads\/2025\/12\/pawel-czerwinski-FTkp4sD5Gpo-unsplash-2048x1365.jpg 2048w\" sizes=\"(max-width: 2560px) 100vw, 2560px\"><div class=\"oxy-container-136-166 oxy-container card-content\"><div class=\"oxy-text-136-167 oxy-text card-title\">\nFiscalit\u00e9\n<\/div><div class=\"oxy-text-136-168 oxy-text card-descr\">\nUne approche strat\u00e9gique et pragmatique de la fiscalit\u00e9\n<\/div><\/div><\/a><\/div><\/div><\/div><\/div>","protected":false},"excerpt":{"rendered":"<p>Retour aux expertises Soci\u00e9t\u00e9s civiles patrimoniales notre savoir faire Structurer et transmettre votre patrimoine Nous accompagnons les dirigeants et leurs familles ou leurs associ\u00e9s dans la cr\u00e9ation et la gestion de soci\u00e9t\u00e9s civiles (SCI, SCP, etc.), l&#8217;adaptation des statuts \u00e0 leur objectif de gestion et de transmission. Nous adaptons les clauses statutaires \u00e0 vos souhaits [&hellip;]<\/p>\n","protected":false},"author":2,"featured_media":0,"parent":0,"menu_order":0,"comment_status":"closed","ping_status":"closed","template":"","meta":{"_acf_changed":false,"_oxygen_hide_in_design_set":false,"_oxygen_tags":"","footnotes":""},"class_list":["post-136","page","type-page","status-publish","hentry"],"acf":[],"_links":{"self":[{"href":"http:\/\/54vhavocats.com\/staging\/wp-json\/wp\/v2\/pages\/136","targetHints":{"allow":["GET"]}}],"collection":[{"href":"http:\/\/54vhavocats.com\/staging\/wp-json\/wp\/v2\/pages"}],"about":[{"href":"http:\/\/54vhavocats.com\/staging\/wp-json\/wp\/v2\/types\/page"}],"author":[{"embeddable":true,"href":"http:\/\/54vhavocats.com\/staging\/wp-json\/wp\/v2\/users\/2"}],"replies":[{"embeddable":true,"href":"http:\/\/54vhavocats.com\/staging\/wp-json\/wp\/v2\/comments?post=136"}],"version-history":[{"count":8,"href":"http:\/\/54vhavocats.com\/staging\/wp-json\/wp\/v2\/pages\/136\/revisions"}],"predecessor-version":[{"id":203,"href":"http:\/\/54vhavocats.com\/staging\/wp-json\/wp\/v2\/pages\/136\/revisions\/203"}],"wp:attachment":[{"href":"http:\/\/54vhavocats.com\/staging\/wp-json\/wp\/v2\/media?parent=136"}],"curies":[{"name":"wp","href":"https:\/\/api.w.org\/{rel}","templated":true}]}}